{"id":217,"date":"2021-05-23T23:58:11","date_gmt":"2021-05-23T21:58:11","guid":{"rendered":"http:\/\/letheaujardin.fr\/?page_id=217"},"modified":"2024-04-15T14:59:59","modified_gmt":"2024-04-15T12:59:59","slug":"chambre-reine-des-pres","status":"publish","type":"page","link":"http:\/\/letheaujardin.fr\/index.php\/chambre-reine-des-pres\/","title":{"rendered":"Chambre Reine des pr\u00e9s"},"content":{"rendered":"\n<div class=\"wp-block-group alignfull has-background\" style=\"background-color:#ddd7c9\"><div class=\"wp-block-group__inner-container\">\n<div class=\"wp-block-media-text alignwide has-media-on-the-right is-stacked-on-mobile tw-stack-md tw-media-bottom\" style=\"grid-template-columns:auto 41%\"><figure class=\"wp-block-media-text__media\"><img loading=\"lazy\" width=\"400\" height=\"280\" src=\"http:\/\/letheaujardin.fr\/wp-content\/uploads\/2021\/05\/the-au-jardin-illus-reine-des-pres-1.jpg\" alt=\"\" class=\"wp-image-222 size-full\" srcset=\"http:\/\/letheaujardin.fr\/wp-content\/uploads\/2021\/05\/the-au-jardin-illus-reine-des-pres-1.jpg 400w, http:\/\/letheaujardin.fr\/wp-content\/uploads\/2021\/05\/the-au-jardin-illus-reine-des-pres-1-300x210.jpg 300w\" sizes=\"(max-width: 400px) 100vw, 400px\" \/><\/figure><div class=\"wp-block-media-text__content\">\n<h1>Chambre Reine des pr\u00e9s<\/h1>\n\n\n\n<p class=\"has-medium-font-size\">Au 1er \u00e9tage, la chambre <strong>\u00ab Reine des pr\u00e9s \u00bb <\/strong>donne c\u00f4t\u00e9 soleil levant, la vue sur les pr\u00e9s est imprenable ! <\/p>\n\n\n\n<p class=\"has-medium-font-size\">Vous y trouverez 2 lits de 80 x 200 jumelables ainsi qu\u2019une salle de bain avec toilettes privatives. <\/p>\n<\/div><\/div>\n<\/div><\/div>\n\n\n\n<div id='gallery-1' class='gallery galleryid-217 gallery-columns-3 gallery-size-thumbnail'><figure class='gallery-item'>\n\t\t\t<div class='gallery-icon landscape'>\n\t\t\t\t<a href='http:\/\/letheaujardin.fr\/index.php\/home\/theaujardin_chambre_reinedespres_04\/'><img width=\"150\" height=\"150\" src=\"http:\/\/letheaujardin.fr\/wp-content\/uploads\/2021\/05\/Theaujardin_chambre_reinedespres_04-150x150.jpg\" class=\"attachment-thumbnail size-thumbnail\" alt=\"\" loading=\"lazy\" \/><\/a>\n\t\t\t<\/div><\/figure><figure class='gallery-item'>\n\t\t\t<div class='gallery-icon landscape'>\n\t\t\t\t<a href='http:\/\/letheaujardin.fr\/index.php\/home\/theaujardin_chambre_reinedespres_01\/'><img width=\"150\" height=\"150\" src=\"http:\/\/letheaujardin.fr\/wp-content\/uploads\/2021\/05\/Theaujardin_chambre_reinedespres_01-150x150.jpg\" class=\"attachment-thumbnail size-thumbnail\" alt=\"\" loading=\"lazy\" \/><\/a>\n\t\t\t<\/div><\/figure><figure class='gallery-item'>\n\t\t\t<div class='gallery-icon landscape'>\n\t\t\t\t<a href='http:\/\/letheaujardin.fr\/index.php\/home\/theaujardin_chambre_reinedespres_02\/'><img width=\"150\" height=\"150\" src=\"http:\/\/letheaujardin.fr\/wp-content\/uploads\/2021\/05\/Theaujardin_chambre_reinedespres_02-150x150.jpg\" class=\"attachment-thumbnail size-thumbnail\" alt=\"\" loading=\"lazy\" \/><\/a>\n\t\t\t<\/div><\/figure><figure class='gallery-item'>\n\t\t\t<div class='gallery-icon portrait'>\n\t\t\t\t<a href='http:\/\/letheaujardin.fr\/index.php\/home\/theaujardin_chambre_reinedespres_03\/'><img width=\"150\" height=\"150\" src=\"http:\/\/letheaujardin.fr\/wp-content\/uploads\/2021\/05\/Theaujardin_chambre_reinedespres_03-150x150.jpg\" class=\"attachment-thumbnail size-thumbnail\" alt=\"\" loading=\"lazy\" \/><\/a>\n\t\t\t<\/div><\/figure>\n\t\t<\/div>\n\n\n\n\n<div class=\"wp-block-group alignfull\"><div class=\"wp-block-group__inner-container\">\n<div class=\"wp-block-columns alignwide tw-gutter-large\">\n<div class=\"wp-block-column\">\n<h2>Tarifs<\/h2>\n\n\n\n<p class=\"has-accent-color has-text-color has-small-font-size\"><strong><strong>Tarifs 2024 \/ par nuit\u00e9e<\/strong><\/strong><br>Petit d\u00e9jeuner complet compris<\/p>\n\n\n\n<p>Pour 2 personnes : <strong>72\u20ac<br><\/strong>Pour 1 personne : <strong>61\u20ac<\/strong><\/p>\n\n\n\n<div class=\"wp-block-buttons\">\n<div class=\"wp-block-button is-style-outline\"><a class=\"wp-block-button__link\" href=\"http:\/\/letheaujardin.fr\/index.php\/reserver\/\">r\u00e9server<\/a><\/div>\n<\/div>\n<\/div>\n\n\n\n<div class=\"wp-block-column\"><\/div>\n\n\n\n<div class=\"wp-block-column\"><\/div>\n<\/div>\n<\/div><\/div>\n","protected":false},"excerpt":{"rendered":"","protected":false},"author":2,"featured_media":0,"parent":0,"menu_order":0,"comment_status":"closed","ping_status":"closed","template":"tw-header-transparent.php","meta":[],"_links":{"self":[{"href":"http:\/\/letheaujardin.fr\/index.php\/wp-json\/wp\/v2\/pages\/217"}],"collection":[{"href":"http:\/\/letheaujardin.fr\/index.php\/wp-json\/wp\/v2\/pages"}],"about":[{"href":"http:\/\/letheaujardin.fr\/index.php\/wp-json\/wp\/v2\/types\/page"}],"author":[{"embeddable":true,"href":"http:\/\/letheaujardin.fr\/index.php\/wp-json\/wp\/v2\/users\/2"}],"replies":[{"embeddable":true,"href":"http:\/\/letheaujardin.fr\/index.php\/wp-json\/wp\/v2\/comments?post=217"}],"version-history":[{"count":13,"href":"http:\/\/letheaujardin.fr\/index.php\/wp-json\/wp\/v2\/pages\/217\/revisions"}],"predecessor-version":[{"id":386,"href":"http:\/\/letheaujardin.fr\/index.php\/wp-json\/wp\/v2\/pages\/217\/revisions\/386"}],"wp:attachment":[{"href":"http:\/\/letheaujardin.fr\/index.php\/wp-json\/wp\/v2\/media?parent=217"}],"curies":[{"name":"wp","href":"https:\/\/api.w.org\/{rel}","templated":true}]}}

Chambre Reine des prés

<div class="wp-block-group alignfull has-background" style="background-color:#ddd7c9"><div class="wp-block-group__inner-container">
<div class="wp-block-media-text alignwide has-media-on-the-right is-stacked-on-mobile tw-stack-md tw-media-bottom" style="grid-template-columns:auto 41%"><figure class="wp-block-media-text__media"><img loading="lazy" width="400" height="280" src="http://letheaujardin.fr/wp-content/uploads/2021/05/the-au-jardin-illus-reine-des-pres-1.jpg" alt="" class="wp-image-222 size-full" srcset="http://letheaujardin.fr/wp-content/uploads/2021/05/the-au-jardin-illus-reine-des-pres-1.jpg 400w, http://letheaujardin.fr/wp-content/uploads/2021/05/the-au-jardin-illus-reine-des-pres-1-300x210.jpg 300w" sizes="(max-width: 400px) 100vw, 400px" /></figure><div class="wp-block-media-text__content">
<h1>Chambre Reine des prés</h1>



<p class="has-medium-font-size">Au 1er étage, la chambre <strong>« Reine des prés » </strong>donne côté soleil levant, la vue sur les prés est imprenable ! </p>



<p class="has-medium-font-size">Vous y trouverez 2 lits de 80 x 200 jumelables ainsi qu’une salle de bain avec toilettes privatives. </p>
</div></div>
</div></div>



<div id='gallery-1' class='gallery galleryid-217 gallery-columns-3 gallery-size-thumbnail'><figure class='gallery-item'>
			<div class='gallery-icon landscape'>
				<a href='http://letheaujardin.fr/index.php/home/theaujardin_chambre_reinedespres_04/'><img width="150" height="150" src="http://letheaujardin.fr/wp-content/uploads/2021/05/Theaujardin_chambre_reinedespres_04-150x150.jpg" class="attachment-thumbnail size-thumbnail" alt="" loading="lazy" /></a>
			</div></figure><figure class='gallery-item'>
			<div class='gallery-icon landscape'>
				<a href='http://letheaujardin.fr/index.php/home/theaujardin_chambre_reinedespres_01/'><img width="150" height="150" src="http://letheaujardin.fr/wp-content/uploads/2021/05/Theaujardin_chambre_reinedespres_01-150x150.jpg" class="attachment-thumbnail size-thumbnail" alt="" loading="lazy" /></a>
			</div></figure><figure class='gallery-item'>
			<div class='gallery-icon landscape'>
				<a href='http://letheaujardin.fr/index.php/home/theaujardin_chambre_reinedespres_02/'><img width="150" height="150" src="http://letheaujardin.fr/wp-content/uploads/2021/05/Theaujardin_chambre_reinedespres_02-150x150.jpg" class="attachment-thumbnail size-thumbnail" alt="" loading="lazy" /></a>
			</div></figure><figure class='gallery-item'>
			<div class='gallery-icon portrait'>
				<a href='http://letheaujardin.fr/index.php/home/theaujardin_chambre_reinedespres_03/'><img width="150" height="150" src="http://letheaujardin.fr/wp-content/uploads/2021/05/Theaujardin_chambre_reinedespres_03-150x150.jpg" class="attachment-thumbnail size-thumbnail" alt="" loading="lazy" /></a>
			</div></figure>
		</div>




<div class="wp-block-group alignfull"><div class="wp-block-group__inner-container">
<div class="wp-block-columns alignwide tw-gutter-large">
<div class="wp-block-column">
<h2>Tarifs</h2>



<p class="has-accent-color has-text-color has-small-font-size"><strong><strong>Tarifs 2024 / par nuitée</strong></strong><br>Petit déjeuner complet compris</p>



<p>Pour 2 personnes : <strong>72€<br></strong>Pour 1 personne : <strong>61€</strong></p>



<div class="wp-block-buttons">
<div class="wp-block-button is-style-outline"><a class="wp-block-button__link" href="http://letheaujardin.fr/index.php/reserver/">réserver</a></div>
</div>
</div>



<div class="wp-block-column"></div>



<div class="wp-block-column"></div>
</div>
</div></div>
