{"id":62,"date":"2021-05-22T06:16:22","date_gmt":"2021-05-22T04:16:22","guid":{"rendered":"http:\/\/letheaujardin.fr\/?page_id=62"},"modified":"2023-05-09T12:27:59","modified_gmt":"2023-05-09T10:27:59","slug":"home","status":"publish","type":"page","link":"http:\/\/letheaujardin.fr\/","title":{"rendered":"Accueil"},"content":{"rendered":"\n<div class=\"wp-block-group alignfull has-background\" style=\"background-color:#ddd7c9\"><div class=\"wp-block-group__inner-container\">\n<div class=\"wp-block-media-text alignwide has-media-on-the-right is-stacked-on-mobile is-vertically-aligned-top tw-stack-md tw-media-bottom\" style=\"grid-template-columns:auto 48%\"><figure class=\"wp-block-media-text__media\"><img loading=\"lazy\" width=\"1024\" height=\"766\" src=\"http:\/\/letheaujardin.fr\/wp-content\/uploads\/2021\/05\/the-au-jardin-illus-home7-1024x766.jpg\" alt=\"\" class=\"wp-image-185 size-full\" srcset=\"http:\/\/letheaujardin.fr\/wp-content\/uploads\/2021\/05\/the-au-jardin-illus-home7-1024x766.jpg 1024w, http:\/\/letheaujardin.fr\/wp-content\/uploads\/2021\/05\/the-au-jardin-illus-home7-300x224.jpg 300w, http:\/\/letheaujardin.fr\/wp-content\/uploads\/2021\/05\/the-au-jardin-illus-home7-768x574.jpg 768w, http:\/\/letheaujardin.fr\/wp-content\/uploads\/2021\/05\/the-au-jardin-illus-home7.jpg 1090w\" sizes=\"(max-width: 1024px) 100vw, 1024px\" \/><\/figure><div class=\"wp-block-media-text__content\">\n<div style=\"height:12px\" aria-hidden=\"true\" class=\"wp-block-spacer\"><\/div>\n\n\n\n<h1>Prenez une pause&#8230;<\/h1>\n\n\n\n<p class=\"has-medium-font-size\">Vous \u00eates \u00e0 la recherche d\u2019un peu de calme et de verdure ? <br>Venez partager un Th\u00e9 au jardin ! Nous vous accueillons dans notre maison d&#8217;h\u00f4tes situ\u00e9e en Sud-Bourgogne au c\u0153ur du Pays Charollais Brionnais<\/p>\n\n\n\n<div class=\"wp-block-buttons\">\n<div class=\"wp-block-button\"><a class=\"wp-block-button__link\" href=\"http:\/\/letheaujardin.fr\/index.php\/notre-maison-dhotes\/\">DECOUVREZ NOTRe maison d&#8217;H\u00d4TES<\/a><\/div>\n<\/div>\n<\/div><\/div>\n<\/div><\/div>\n\n\n\n<div class=\"wp-block-group alignfull has-background\" style=\"background-color:#ddd7c9\"><div class=\"wp-block-group__inner-container\">\n<div id='gallery-1' class='gallery galleryid-62 gallery-columns-3 gallery-size-thumbnail'><figure class='gallery-item'>\n\t\t\t<div class='gallery-icon landscape'>\n\t\t\t\t<a href='http:\/\/letheaujardin.fr\/index.php\/home\/theaujardin_chambre_vignerouge_01-1\/'><img width=\"150\" height=\"150\" src=\"http:\/\/letheaujardin.fr\/wp-content\/uploads\/2021\/05\/Theaujardin_chambre_vignerouge_01-1-150x150.jpg\" class=\"attachment-thumbnail size-thumbnail\" alt=\"\" loading=\"lazy\" \/><\/a>\n\t\t\t<\/div><\/figure><figure class='gallery-item'>\n\t\t\t<div class='gallery-icon landscape'>\n\t\t\t\t<a href='http:\/\/letheaujardin.fr\/index.php\/home\/theaujardin_communs_01-1\/'><img width=\"150\" height=\"150\" src=\"http:\/\/letheaujardin.fr\/wp-content\/uploads\/2021\/05\/Theaujardin_communs_01-1-150x150.jpg\" class=\"attachment-thumbnail size-thumbnail\" alt=\"\" loading=\"lazy\" \/><\/a>\n\t\t\t<\/div><\/figure><figure class='gallery-item'>\n\t\t\t<div class='gallery-icon landscape'>\n\t\t\t\t<a href='http:\/\/letheaujardin.fr\/index.php\/home\/bouillon-blanc-03-1\/'><img width=\"150\" height=\"150\" src=\"http:\/\/letheaujardin.fr\/wp-content\/uploads\/2021\/05\/bouillon-blanc-03-1-150x150.jpg\" class=\"attachment-thumbnail size-thumbnail\" alt=\"\" loading=\"lazy\" \/><\/a>\n\t\t\t<\/div><\/figure><figure class='gallery-item'>\n\t\t\t<div class='gallery-icon landscape'>\n\t\t\t\t<a href='http:\/\/letheaujardin.fr\/dsc01514\/'><img width=\"150\" height=\"150\" src=\"http:\/\/letheaujardin.fr\/wp-content\/uploads\/2021\/05\/DSC01514-150x150.jpg\" class=\"attachment-thumbnail size-thumbnail\" alt=\"\" loading=\"lazy\" \/><\/a>\n\t\t\t<\/div><\/figure><figure class='gallery-item'>\n\t\t\t<div class='gallery-icon landscape'>\n\t\t\t\t<a href='http:\/\/letheaujardin.fr\/index.php\/home\/theaujardin_communs_10\/'><img width=\"150\" height=\"150\" src=\"http:\/\/letheaujardin.fr\/wp-content\/uploads\/2021\/05\/Theaujardin_communs_10-150x150.jpg\" class=\"attachment-thumbnail size-thumbnail\" alt=\"\" loading=\"lazy\" \/><\/a>\n\t\t\t<\/div><\/figure><figure class='gallery-item'>\n\t\t\t<div class='gallery-icon landscape'>\n\t\t\t\t<a href='http:\/\/letheaujardin.fr\/index.php\/home\/theaujardin_communs_06\/'><img width=\"150\" height=\"150\" src=\"http:\/\/letheaujardin.fr\/wp-content\/uploads\/2021\/05\/Theaujardin_communs_06-150x150.jpg\" class=\"attachment-thumbnail size-thumbnail\" alt=\"\" loading=\"lazy\" \/><\/a>\n\t\t\t<\/div><\/figure><figure class='gallery-item'>\n\t\t\t<div class='gallery-icon landscape'>\n\t\t\t\t<a href='http:\/\/letheaujardin.fr\/index.php\/notre-jardin\/the-au-jardin-jardin02\/'><img width=\"150\" height=\"150\" src=\"http:\/\/letheaujardin.fr\/wp-content\/uploads\/2021\/05\/the-au-jardin-jardin02-150x150.jpg\" class=\"attachment-thumbnail size-thumbnail\" alt=\"\" loading=\"lazy\" \/><\/a>\n\t\t\t<\/div><\/figure><figure class='gallery-item'>\n\t\t\t<div class='gallery-icon portrait'>\n\t\t\t\t<a href='http:\/\/letheaujardin.fr\/index.php\/notre-maison-dhotes\/the-au-jardin-maison1\/'><img width=\"150\" height=\"150\" src=\"http:\/\/letheaujardin.fr\/wp-content\/uploads\/2021\/05\/the-au-jardin-maison1-150x150.jpg\" class=\"attachment-thumbnail size-thumbnail\" alt=\"\" loading=\"lazy\" \/><\/a>\n\t\t\t<\/div><\/figure>\n\t\t<\/div>\n\n\n\n\n<h2 class=\"has-text-align-center\">Nos 4 chambres d&#8217;h\u00f4tes<\/h2>\n\n\n\n<p class=\"has-text-align-center has-medium-font-size\">Que vous veniez seul, en famille ou entre amis, notre maison d\u2019h\u00f4tes&nbsp;<br><strong>Le Th\u00e9 au jardin<\/strong>&nbsp;peut accueillir jusqu\u2019\u00e0 10 personnes\u2026<\/p>\n\n\n\n<div class=\"wp-block-columns alignwide are-vertically-aligned-bottom tw-justify-center tw-gutter-large has-text-align-center\">\n<div class=\"wp-block-column is-vertically-aligned-bottom\">\n<div class=\"wp-block-image\"><figure class=\"aligncenter size-large is-resized\"><img loading=\"lazy\" src=\"http:\/\/letheaujardin.fr\/wp-content\/uploads\/2021\/05\/the-au-jardin-illus-chardon-marie.jpg\" alt=\"\" class=\"wp-image-198\" width=\"227\" height=\"158\" srcset=\"http:\/\/letheaujardin.fr\/wp-content\/uploads\/2021\/05\/the-au-jardin-illus-chardon-marie.jpg 400w, http:\/\/letheaujardin.fr\/wp-content\/uploads\/2021\/05\/the-au-jardin-illus-chardon-marie-300x210.jpg 300w\" sizes=\"(max-width: 227px) 100vw, 227px\" \/><\/figure><\/div>\n\n\n\n<h3 style=\"font-size:28px\">Chardon-Marie<\/h3>\n\n\n\n<p>Une chambre pour 2 de plein pied, accessible \u00e0 tous \u00e0 toutes !<\/p>\n\n\n\n<div class=\"wp-block-buttons is-content-justification-center\">\n<div class=\"wp-block-button is-style-outline\"><a class=\"wp-block-button__link\" href=\"http:\/\/letheaujardin.fr\/index.php\/chambre-chardon-marie\/\">en savoir +<\/a><\/div>\n<\/div>\n<\/div>\n\n\n\n<div class=\"wp-block-column is-vertically-aligned-bottom\">\n<div class=\"wp-block-image\"><figure class=\"aligncenter size-large is-resized\"><img loading=\"lazy\" src=\"http:\/\/letheaujardin.fr\/wp-content\/uploads\/2021\/05\/the-au-jardin-illus-vigne.jpg\" alt=\"\" class=\"wp-image-200\" width=\"214\" height=\"158\"\/><\/figure><\/div>\n\n\n\n<h3 style=\"font-size:28px\">Vigne-Rouge<\/h3>\n\n\n\n<p>Une chambre pour 2 donnant c\u00f4t\u00e9 soleil couchant&#8230;<\/p>\n\n\n\n<div class=\"wp-block-buttons is-content-justification-center\">\n<div class=\"wp-block-button is-style-outline\"><a class=\"wp-block-button__link\" href=\"http:\/\/letheaujardin.fr\/index.php\/chambre-vigne-rouge\/\">EN SAVOIR +<\/a><\/div>\n<\/div>\n<\/div>\n\n\n\n<div class=\"wp-block-column is-vertically-aligned-bottom\">\n<div class=\"wp-block-image\"><figure class=\"aligncenter size-large is-resized\"><img loading=\"lazy\" src=\"http:\/\/letheaujardin.fr\/wp-content\/uploads\/2021\/05\/the-au-jardin-illus-reine-des-pres.jpg\" alt=\"\" class=\"wp-image-201\" width=\"195\" height=\"157\"\/><\/figure><\/div>\n\n\n\n<h3 style=\"font-size:28px\">Reine des pr\u00e9s<\/h3>\n\n\n\n<p>Une chambre pour 2 donnant c\u00f4t\u00e9 soleil levant&#8230;<\/p>\n\n\n\n<div class=\"wp-block-buttons is-content-justification-center\">\n<div class=\"wp-block-button is-style-outline\"><a class=\"wp-block-button__link\" href=\"http:\/\/letheaujardin.fr\/index.php\/chambre-reine-des-pres\/\">EN SAVOIR +<\/a><\/div>\n<\/div>\n<\/div>\n\n\n\n<div class=\"wp-block-column is-vertically-aligned-bottom\">\n<div class=\"wp-block-image\"><figure class=\"aligncenter size-large is-resized\"><img loading=\"lazy\" src=\"http:\/\/letheaujardin.fr\/wp-content\/uploads\/2021\/05\/the-au-jardin-illus-bouillon-blanc.jpg\" alt=\"\" class=\"wp-image-202\" width=\"199\" height=\"154\"\/><\/figure><\/div>\n\n\n\n<h3 style=\"font-size:28px\">Bouillon Blanc<\/h3>\n\n\n\n<p>Notre chambre familiale, jusqu&#8217;\u00e0 4 personnes !<\/p>\n\n\n\n<div class=\"wp-block-buttons is-content-justification-center\">\n<div class=\"wp-block-button is-style-outline\"><a class=\"wp-block-button__link\" href=\"http:\/\/letheaujardin.fr\/index.php\/chambre-bouillon-blanc\/\">EN SAVOIR +<\/a><\/div>\n<\/div>\n<\/div>\n<\/div>\n<\/div><\/div>\n\n\n\n<div class=\"wp-block-group alignfull has-background\" style=\"background-color:#a8a18f\"><div class=\"wp-block-group__inner-container\">\n<div class=\"wp-block-media-text alignwide is-stacked-on-mobile is-vertically-aligned-top tw-stack-md tw-media-bottom\" style=\"grid-template-columns:48% auto\"><figure class=\"wp-block-media-text__media\"><img loading=\"lazy\" width=\"831\" height=\"582\" src=\"http:\/\/letheaujardin.fr\/wp-content\/uploads\/2021\/05\/the-au-jardin-papillon-3.jpg\" alt=\"\" class=\"wp-image-206 size-full\" srcset=\"http:\/\/letheaujardin.fr\/wp-content\/uploads\/2021\/05\/the-au-jardin-papillon-3.jpg 831w, http:\/\/letheaujardin.fr\/wp-content\/uploads\/2021\/05\/the-au-jardin-papillon-3-300x210.jpg 300w, http:\/\/letheaujardin.fr\/wp-content\/uploads\/2021\/05\/the-au-jardin-papillon-3-768x538.jpg 768w\" sizes=\"(max-width: 831px) 100vw, 831px\" \/><\/figure><div class=\"wp-block-media-text__content\">\n<h1>Fl\u00e2nez au jardin&#8230;<\/h1>\n\n\n\n<p class=\"has-medium-font-size\">Dans leur jardin, Madeleine &amp; Jean ne se lassent jamais de planter, bouturer, associer les vari\u00e9t\u00e9s, exp\u00e9rimenter dans un esprit proche de la permaculture.<\/p>\n\n\n\n<div class=\"wp-block-buttons\">\n<div class=\"wp-block-button is-style-fill\"><a class=\"wp-block-button__link\" href=\"http:\/\/letheaujardin.fr\/index.php\/notre-jardin\/\">D\u00e9couvrez le jardin<\/a><\/div>\n<\/div>\n<\/div><\/div>\n<\/div><\/div>\n\n\n\n<div class=\"wp-block-group alignfull has-accent-background-color has-background\" style=\"padding-top:0px;padding-bottom:0px\"><div class=\"wp-block-group__inner-container\">\n<div style=\"height:33px\" aria-hidden=\"true\" class=\"wp-block-spacer\"><\/div>\n\n\n\n<div class=\"wp-block-image\"><figure class=\"aligncenter size-large is-resized\"><img loading=\"lazy\" src=\"http:\/\/letheaujardin.fr\/wp-content\/uploads\/2021\/05\/the-au-jardin-navets.jpg\" alt=\"\" class=\"wp-image-210\" width=\"307\" height=\"270\"\/><\/figure><\/div>\n\n\n\n<h2 class=\"has-text-align-center\">Vous souhaitez r\u00e9server pour une ou plusieurs nuit\u00e9es ? Avec repas ?<\/h2>\n\n\n\n<div class=\"wp-block-buttons is-content-justification-center\">\n<div class=\"wp-block-button is-style-outline\"><a class=\"wp-block-button__link has-secondary-color has-background-background-color has-text-color has-background\" href=\"http:\/\/letheaujardin.fr\/index.php\/reserver\/\">EN SAVOIR +<\/a><\/div>\n<\/div>\n\n\n\n<div style=\"height:65px\" aria-hidden=\"true\" class=\"wp-block-spacer\"><\/div>\n<\/div><\/div>\n","protected":false},"excerpt":{"rendered":"","protected":false},"author":2,"featured_media":0,"parent":0,"menu_order":0,"comment_status":"closed","ping_status":"closed","template":"tw-header-transparent.php","meta":[],"_links":{"self":[{"href":"http:\/\/letheaujardin.fr\/index.php\/wp-json\/wp\/v2\/pages\/62"}],"collection":[{"href":"http:\/\/letheaujardin.fr\/index.php\/wp-json\/wp\/v2\/pages"}],"about":[{"href":"http:\/\/letheaujardin.fr\/index.php\/wp-json\/wp\/v2\/types\/page"}],"author":[{"embeddable":true,"href":"http:\/\/letheaujardin.fr\/index.php\/wp-json\/wp\/v2\/users\/2"}],"replies":[{"embeddable":true,"href":"http:\/\/letheaujardin.fr\/index.php\/wp-json\/wp\/v2\/comments?post=62"}],"version-history":[{"count":33,"href":"http:\/\/letheaujardin.fr\/index.php\/wp-json\/wp\/v2\/pages\/62\/revisions"}],"predecessor-version":[{"id":380,"href":"http:\/\/letheaujardin.fr\/index.php\/wp-json\/wp\/v2\/pages\/62\/revisions\/380"}],"wp:attachment":[{"href":"http:\/\/letheaujardin.fr\/index.php\/wp-json\/wp\/v2\/media?parent=62"}],"curies":[{"name":"wp","href":"https:\/\/api.w.org\/{rel}","templated":true}]}}