{"id":65,"date":"2021-05-22T06:16:22","date_gmt":"2021-05-22T04:16:22","guid":{"rendered":"http:\/\/letheaujardin.fr\/?page_id=65"},"modified":"2023-10-06T12:53:26","modified_gmt":"2023-10-06T10:53:26","slug":"contact-2","status":"publish","type":"page","link":"http:\/\/letheaujardin.fr\/index.php\/contact-2\/","title":{"rendered":"Nous trouver"},"content":{"rendered":"\n<div class=\"wp-block-group alignfull has-background\" style=\"background-color:#ddd7c9\"><div class=\"wp-block-group__inner-container\">\n<div class=\"wp-block-media-text alignwide has-media-on-the-right is-stacked-on-mobile tw-stack-md tw-media-bottom\" style=\"grid-template-columns:auto 41%\"><figure class=\"wp-block-media-text__media\"><img loading=\"lazy\" width=\"776\" height=\"436\" src=\"http:\/\/letheaujardin.fr\/wp-content\/uploads\/2021\/05\/the-au-jardin-taupe2.jpg\" alt=\"\" class=\"wp-image-295 size-full\" srcset=\"http:\/\/letheaujardin.fr\/wp-content\/uploads\/2021\/05\/the-au-jardin-taupe2.jpg 776w, http:\/\/letheaujardin.fr\/wp-content\/uploads\/2021\/05\/the-au-jardin-taupe2-300x169.jpg 300w, http:\/\/letheaujardin.fr\/wp-content\/uploads\/2021\/05\/the-au-jardin-taupe2-768x432.jpg 768w\" sizes=\"(max-width: 776px) 100vw, 776px\" \/><\/figure><div class=\"wp-block-media-text__content\">\n<h1>Pour nous trouver<\/h1>\n\n\n\n<p class=\"has-medium-font-size\">Vous avez r\u00e9serv\u00e9 une chambre au Th\u00e9 au jardin ? <\/p>\n\n\n\n<p class=\"has-medium-font-size\">Voici toutes les informations n\u00e9cessaires pour trouver notre maison d&#8217;h\u00f4tes situ\u00e9e \u00e0 Saint-Julien-de-Civry en Sa\u00f4ne-et-Loire.<\/p>\n<\/div><\/div>\n<\/div><\/div>\n\n\n\n<p><\/p>\n\n\n\n<div class=\"wp-block-group alignfull\"><div class=\"wp-block-group__inner-container\">\n<div class=\"wp-block-columns alignwide tw-gutter-large\">\n<div class=\"wp-block-column\">\n<h2>Nos coordonn\u00e9es<\/h2>\n\n\n\n<p class=\"has-accent-color has-text-color\"><strong>Madeleine &amp; Jean Thevenet<\/strong><\/p>\n\n\n\n<p>Petit Civry<br>71800 Saint-Julien-de-Civry<br>France<\/p>\n\n\n\n<p><a href=\"https:\/\/www.google.com\/maps\/place\/Le+Th%C3%A9+au+Jardin\/@46.3675219,4.2415549,17z\/data=!4m18!1m8!3m7!1s0x47f3eb797ca62edb:0x80615578c1adc2a8!2sPetit+Civry,+71800+Saint-Julien-de-Civry!3b1!8m2!3d46.3675219!4d4.2415549!16s%2Fg%2F1vljfp3v!3m8!1s0x47f3ebe48c0db0ff:0xc286cf3b135e12a5!5m2!4m1!1i2!8m2!3d46.3660794!4d4.2423846!16s%2Fg%2F11f6nqt94p?entry=ttu\" target=\"_blank\" rel=\"noreferrer noopener\">Voir sur Google Maps<\/a> <\/p>\n\n\n\n<h2 class=\"has-medium-font-size\">Nous joindre par t\u00e9l\u00e9phone :<\/h2>\n\n\n\n<p class=\"tw-link-hover-underline\">Vous pouvez nous joindre \u00e0 ces num\u00e9ros :<\/p>\n\n\n\n<p class=\"tw-link-hover-underline\">Maison d&#8217;h\u00f4tes : <strong>+33 (0)3 85 70 66 56<\/strong><br>Madeleine : +33 (0)6 78 53 69 87<\/p>\n\n\n\n<p class=\"tw-link-hover-underline\"><strong>Nous joindre par email :<br><a href=\"mailto:contact@example.com\"><\/a><a href=\"mailto:contact@letheaujardin.fr\">contact@letheaujardin.fr<\/a><\/strong><\/p>\n<\/div>\n\n\n\n<div class=\"wp-block-column\">\n<h2>Itin\u00e9raires<\/h2>\n\n\n\n<p class=\"has-small-font-size\" style=\"line-height:1.4\"><strong>En arrivant de Charolles<\/strong>&nbsp;(depuis Paris, M\u00e2con\u2026)<\/p>\n\n\n\n<p class=\"has-small-font-size\" style=\"line-height:1.4\">Traversez Charolles en passant l\u2019\u00e9glise puis la Poste sur votre droite. Continuez en empruntant la D985 en direction de La Clayette.<\/p>\n\n\n\n<p class=\"has-small-font-size\" style=\"line-height:1.4\">Parcourez 8 km sur cette route avant de voir indiqu\u00e9 sur votre droite \u00ab&nbsp;Saint-Julien-de-Civry \/ Oy\u00e9&nbsp;\u00bb. Tournez \u00e0 droite sur la D20.<\/p>\n\n\n\n<p class=\"has-small-font-size\" style=\"line-height:1.4\">Continuez sur cette route qui m\u00e8ne au village de Saint-Julien-de-Civry jusqu\u2019\u00e0 voir un garage auto sur votre droite. En face de ce garage, tournez \u00e0 gauche, la route remonte. Laissez passer le 1er&nbsp;croisement \u00e0 gauche, le chemin d\u2019acc\u00e8s \u00e0 notre maison d\u2019h\u00f4tes se trouve quelques dizaines de m\u00e8tres plus haut. Emprunter le chemin et garez-vous sur notre espace parking. <\/p>\n\n\n\n<p class=\"has-small-font-size\" style=\"line-height:1.4\">Soyez les bienvenus&nbsp;!<\/p>\n<\/div>\n\n\n\n<div class=\"wp-block-column\">\n<p class=\"has-small-font-size\" style=\"line-height:1.4\"><strong>En arrivant de La Clayette<\/strong> (depuis Lyon\u2026)<\/p>\n\n\n\n<p class=\"has-small-font-size\" style=\"line-height:1.4\">Au rond point face \u00e0 l\u2019Office de tourisme \u00e0 proximit\u00e9 du ch\u00e2teau, prenez la D985 en direction de Charolles. Continuez sur cette route pendant 9 km.<\/p>\n\n\n\n<p class=\"has-small-font-size\" style=\"line-height:1.4\">La route est toute droite, pr\u00eatez attention aux panneaux, \u00e0 un embranchement sur votre gauche vous verrez indiqu\u00e9 \u00ab Civry \u00bb. Tournez et suivez cette route secondaire.<\/p>\n\n\n\n<p class=\"has-small-font-size\" style=\"line-height:1.4\">La route descend l\u00e9g\u00e8rement vers le bourg de Saint-Julien-de-Civry. Laissez passer un premier embranchement \u00e0 droite, puis une petite route \u00e0 gauche, l\u2019acc\u00e8s \u00e0 notre maison d\u2019h\u00f4tes sera le prochain petit chemin sur votre droite. Emprunter le chemin et garez-vous sur notre espace parking.<\/p>\n\n\n\n<p class=\"has-small-font-size\" style=\"line-height:1.4\">Vous \u00eates arriv\u00e9s !<\/p>\n\n\n\n<p><\/p>\n<\/div>\n<\/div>\n<\/div><\/div>\n","protected":false},"excerpt":{"rendered":"","protected":false},"author":2,"featured_media":0,"parent":0,"menu_order":0,"comment_status":"closed","ping_status":"closed","template":"tw-header-transparent.php","meta":[],"_links":{"self":[{"href":"http:\/\/letheaujardin.fr\/index.php\/wp-json\/wp\/v2\/pages\/65"}],"collection":[{"href":"http:\/\/letheaujardin.fr\/index.php\/wp-json\/wp\/v2\/pages"}],"about":[{"href":"http:\/\/letheaujardin.fr\/index.php\/wp-json\/wp\/v2\/types\/page"}],"author":[{"embeddable":true,"href":"http:\/\/letheaujardin.fr\/index.php\/wp-json\/wp\/v2\/users\/2"}],"replies":[{"embeddable":true,"href":"http:\/\/letheaujardin.fr\/index.php\/wp-json\/wp\/v2\/comments?post=65"}],"version-history":[{"count":25,"href":"http:\/\/letheaujardin.fr\/index.php\/wp-json\/wp\/v2\/pages\/65\/revisions"}],"predecessor-version":[{"id":382,"href":"http:\/\/letheaujardin.fr\/index.php\/wp-json\/wp\/v2\/pages\/65\/revisions\/382"}],"wp:attachment":[{"href":"http:\/\/letheaujardin.fr\/index.php\/wp-json\/wp\/v2\/media?parent=65"}],"curies":[{"name":"wp","href":"https:\/\/api.w.org\/{rel}","templated":true}]}}

<div class="wp-block-group alignfull has-background" style="background-color:#ddd7c9"><div class="wp-block-group__inner-container">
<div class="wp-block-media-text alignwide has-media-on-the-right is-stacked-on-mobile tw-stack-md tw-media-bottom" style="grid-template-columns:auto 41%"><figure class="wp-block-media-text__media"><img loading="lazy" width="776" height="436" src="http://letheaujardin.fr/wp-content/uploads/2021/05/the-au-jardin-taupe2.jpg" alt="" class="wp-image-295 size-full" srcset="http://letheaujardin.fr/wp-content/uploads/2021/05/the-au-jardin-taupe2.jpg 776w, http://letheaujardin.fr/wp-content/uploads/2021/05/the-au-jardin-taupe2-300x169.jpg 300w, http://letheaujardin.fr/wp-content/uploads/2021/05/the-au-jardin-taupe2-768x432.jpg 768w" sizes="(max-width: 776px) 100vw, 776px" /></figure><div class="wp-block-media-text__content">
<h1>Pour nous trouver</h1>



<p class="has-medium-font-size">Vous avez réservé une chambre au Thé au jardin ? </p>



<p class="has-medium-font-size">Voici toutes les informations nécessaires pour trouver notre maison d&#8217;hôtes située à Saint-Julien-de-Civry en Saône-et-Loire.</p>
</div></div>
</div></div>



<p></p>



<div class="wp-block-group alignfull"><div class="wp-block-group__inner-container">
<div class="wp-block-columns alignwide tw-gutter-large">
<div class="wp-block-column">
<h2>Nos coordonnées</h2>



<p class="has-accent-color has-text-color"><strong>Madeleine &amp; Jean Thevenet</strong></p>



<p>Petit Civry<br>71800 Saint-Julien-de-Civry<br>France</p>



<p><a href="https://www.google.com/maps/place/Le+Th%C3%A9+au+Jardin/@46.3675219,4.2415549,17z/data=!4m18!1m8!3m7!1s0x47f3eb797ca62edb:0x80615578c1adc2a8!2sPetit+Civry,+71800+Saint-Julien-de-Civry!3b1!8m2!3d46.3675219!4d4.2415549!16s%2Fg%2F1vljfp3v!3m8!1s0x47f3ebe48c0db0ff:0xc286cf3b135e12a5!5m2!4m1!1i2!8m2!3d46.3660794!4d4.2423846!16s%2Fg%2F11f6nqt94p?entry=ttu" target="_blank" rel="noreferrer noopener">Voir sur Google Maps</a> </p>



<h2 class="has-medium-font-size">Nous joindre par téléphone :</h2>



<p class="tw-link-hover-underline">Vous pouvez nous joindre à ces numéros :</p>



<p class="tw-link-hover-underline">Maison d&#8217;hôtes : <strong>+33 (0)3 85 70 66 56</strong><br>Madeleine : +33 (0)6 78 53 69 87</p>



<p class="tw-link-hover-underline"><strong>Nous joindre par email :<br><a href="mailto:contact@example.com"></a><a href="mailto:contact@letheaujardin.fr">contact@letheaujardin.fr</a></strong></p>
</div>



<div class="wp-block-column">
<h2>Itinéraires</h2>



<p class="has-small-font-size" style="line-height:1.4"><strong>En arrivant de Charolles</strong>&nbsp;(depuis Paris, Mâcon…)</p>



<p class="has-small-font-size" style="line-height:1.4">Traversez Charolles en passant l’église puis la Poste sur votre droite. Continuez en empruntant la D985 en direction de La Clayette.</p>



<p class="has-small-font-size" style="line-height:1.4">Parcourez 8 km sur cette route avant de voir indiqué sur votre droite «&nbsp;Saint-Julien-de-Civry / Oyé&nbsp;». Tournez à droite sur la D20.</p>



<p class="has-small-font-size" style="line-height:1.4">Continuez sur cette route qui mène au village de Saint-Julien-de-Civry jusqu’à voir un garage auto sur votre droite. En face de ce garage, tournez à gauche, la route remonte. Laissez passer le 1er&nbsp;croisement à gauche, le chemin d’accès à notre maison d’hôtes se trouve quelques dizaines de mètres plus haut. Emprunter le chemin et garez-vous sur notre espace parking. </p>



<p class="has-small-font-size" style="line-height:1.4">Soyez les bienvenus&nbsp;!</p>
</div>



<div class="wp-block-column">
<p class="has-small-font-size" style="line-height:1.4"><strong>En arrivant de La Clayette</strong> (depuis Lyon…)</p>



<p class="has-small-font-size" style="line-height:1.4">Au rond point face à l’Office de tourisme à proximité du château, prenez la D985 en direction de Charolles. Continuez sur cette route pendant 9 km.</p>



<p class="has-small-font-size" style="line-height:1.4">La route est toute droite, prêtez attention aux panneaux, à un embranchement sur votre gauche vous verrez indiqué « Civry ». Tournez et suivez cette route secondaire.</p>



<p class="has-small-font-size" style="line-height:1.4">La route descend légèrement vers le bourg de Saint-Julien-de-Civry. Laissez passer un premier embranchement à droite, puis une petite route à gauche, l’accès à notre maison d’hôtes sera le prochain petit chemin sur votre droite. Emprunter le chemin et garez-vous sur notre espace parking.</p>



<p class="has-small-font-size" style="line-height:1.4">Vous êtes arrivés !</p>



<p></p>
</div>
</div>
</div></div>
